me factors of m?
233
Let q be (-2)/(-4)*0*1. Suppose 0 = -5*r - q*r - 20. Let k(w) = w**2 + 5*w + 6. List the prime factors of k(r).
2
Let f(y) = -y + 1. Let x(q) = -3*q + 3. Let s(h) = 11*f(h) - 4*x(h). Let o(r) = -9*r + 5. Let j(m) = o(m) + 6*s(m). List the prime factors of j(-1).
2
Let u = 14 + -6. List the prime factors of u.
2
Let j(n) = 7*n**2 + 2*n. Let r be j(-2). Suppose w - 8 = 5*w, 5*t + 60 = 5*w. Let i = r + t. List the prime factors of i.
2, 5
Let p(h) = 64*h**2 + 2. Let v be p(-2). What are the prime factors of 3/(-12) - v/(-8)?
2
Let c = -4 - -3. Let f = c + 7. What are the prime factors of ((-4)/f)/(4/(-30))?
5
Suppose g - 4 = 1. Suppose 7 + 8 = g*b. List the prime factors of b.
3
Suppose -5*d + 8 = -3*d. Let c = 1 + -3. Let o = c + d. What are the prime factors of o?
2
Let m = 20 - 11. Suppose 2*o - 5*o = 3*z - m, -3*o - 5*z + 7 = 0. Suppose -4*c - 5*j = -28, 3*c - 4*c + 28 = -o*j. List the prime factors of c.
2, 3
Let j(l) = 5*l**3 + 7*l + 1 - 8*l**2 - 4*l**3 - l + 9. Let m be j(7). What are the prime factors of 1 + m/2*8?
13
Suppose -7*x + 2*x + 15 = 0. Let z = x - 6. Let b(r) = r**2 + 1. List the prime factors of b(z).
2, 5
Let u(a) = -a**3 + 7*a**2 - a + 9. Let b be u(7). Let i = b - -3. What are the prime factors of i?
5
Suppose 2*i - 34 = i. Suppose -3*l - i + 1 = 5*t, -2*t + 2*l - 26 = 0. Let n = t - -15. What are the prime factors of n?
2, 3
Let l(x) = -x**2 + 4*x + 1. Let a be l(4). Let f be ((91 - -3) + 3)*a. Suppose b = 4*i - 67, -4*i + 4*b - 33 = -f. List the prime factors of i.
17
Let h = -18 + 13. List the prime factors of h/(1/(3 + -4)).
5
Let z be -1 + (0 - -111) - -3. What are the prime factors of (z + -1)*3/6?
2, 7
Let x = -95 - -137. List the prime factors of x.
2, 3, 7
Let z = 5 + -3. Suppose z*h + 5 = -5, -3*h = 5*j - 35. What are the prime factors of j?
2, 5
Let u(s) = 3*s - 1. Let g be u(1). Suppose 0 = g*y - 4*y + 2. List the prime factors of y - (-4)/(1/1).
5
Suppose b = -b + 10. Suppose 4*r + 2*d = d + 41, -70 = -b*r - 5*d. What are the prime factors of r?
3
Let g = 137 + -27. List the prime factors of g.
2, 5, 11
Suppose 4 = 2*m - 4*m. Let j be (-2)/(-4) - 5/2. What are the prime factors of (j - 0) + (m - -15)?
11
Suppose 2*x - 3*a = 6, 35 = 3*x + 3*a - 4. Let s = 13 - x. Suppose 0 = -5*k + 2*g + 51, s*g - 7 + 1 = -2*k. What are the prime factors of k?
3
Suppose -6 = 3*s, 4*i + 102 = 8*i - 3*s. What are the prime factors of i?
2, 3
Suppose -3*j - 5 - 7 = 0. Let a = -1 - j. Suppose a*b = 4*p + 2*b - 19, p + b = 1. List the prime factors of p.
2
Suppose 2*f + 7 = -2*b - 3*b, 3*f = 5*b + 27. Suppose -103 = -5*a + m + m, -5*a + f*m + 101 = 0. What are the prime factors of a?
3, 7
What are the prime factors of (4 + -3)/(3/672)?
2, 7
What are the prime factors of -264*((-4)/(-28) - 68/84)?
2, 11
Suppose -5*m - 108 = -3*m. Let p = -36 - m. What are the prime factors of p?
2, 3
Let a(x) = 1 - x + 6 - 4. Let v be a(0). Suppose 3*o = -t + 43, 3*t = -v*o + 5*t + 31. List the prime factors of o.
13
Let r = -16 - -10. Let h be (-1)/((-1)/(0 + 9)). Let w = r + h. List the prime factors of w.
3
Let m(y) be the third derivative of y**4/24 - y**3/6 - 2*y**2. Let w be m(-3). Let d(s) = -s**2 - 7*s - 1. What are the prime factors of d(w)?
11
Let p be ((-2)/(-2))/((-5)/(-15)). Let m(l) = -1 - p*l - l + l**3 + 7*l - 3*l**2. List the prime factors of m(3).
2
Let o = 42 - 40. Let i be (3/(-2))/(-3)*10. Suppose -i*x + 15 = 4*v - 13, -o*x = -v - 19. List the prime factors of x.
2
What are the prime factors of (-792)/(-28) + 3 - (-6)/(-21)?
31
Suppose 2*g + 1 = 3*i + g, -2*i + 3*g = 11. Suppose -2*l = i*l - 16. List the prime factors of l.
2
Let d = -7 + 5. Let l be (-6)/d*(-1 + 2). Let w(n) = 2*n**2 - 5*n + 4. List the prime factors of w(l).
7
Let f(v) = v - 2. Let b be ((-12)/(-2) - 0)*1. Let m be f(b). Let l = -1 + m. What are the prime factors of l?
3
Suppose 4*w + 0*z = -4*z - 8, z - 22 = 3*w. Let l be (-4 + -1)*12/5 - -3. List the prime factors of w*(-2 - 3/l).
2, 5
Let p = 1 - -2. Suppose 0*x - p*x = -24. What are the prime factors of (x/12)/(1/6)?
2
Let y = 4 + -4. Suppose y = 2*d - 5*d + 9. What are the prime factors of d?
3
List the prime factors of (-1339)/(-13) + (-4)/2*-1.
3, 5, 7
Let z(n) = -n + 14 + 3 - 9. What are the prime factors of z(5)?
3
Suppose 4*m = 2*m + 20. List the prime factors of (27/(-15))/((-3)/m).
2, 3
Let w = 118 + -84. Suppose w = 4*v - 2. List the prime factors of v.
3
Suppose -3 = 5*v + a, -3*v = -2*a + a + 5. Let r = v - -1. Suppose r = g + 2*g - 33. List the prime factors of g.
11
Suppose v - 33 = -2*f, 5*v + 0*f - 137 = 4*f. Suppose 2*j - v = 105. Suppose -5*y + j = -3. What are the prime factors of y?
2, 7
Let a(h) = -3*h - 12. Let q(v) = -v - 4. Let l(o) = -o**3 - 7*o**2 + 7*o - 2. Let f be l(-8). Let c be q(f). List the prime factors of a(c).
2, 3
Suppose -3827 = -15*u - 917. What are the prime factors of u?
2, 97
Let k be 1/(1 - (-8)/(-10)). Let a(m) = -m + 7. Let l be a(k). Let t = 5 - l. List the prime factors of t.
3
List the prime factors of 130/18 + (-10)/45.
7
Let x(q) = q**3 - 4*q**2 - 3*q. Let z be x(3). List the prime factors of 4/z + 406/126.
3
Let c = 1 + 25. List the prime factors of c.
2, 13
Let h(o) = -2*o**3 - 2*o**2 - o. Let l(z) = -z**2 - 4*z - 2. Let u be l(-4). Let v be h(u). What are the prime factors of (8/v)/(2/20)?
2
Let x be (2 - -1)*(-58)/(-3). Suppose x = -5*i + 148. List the prime factors of i.
2, 3
Let p be 2 + 3*(-10)/(-6). Suppose -r + y + 13 = 0, -16 = 3*r - p*r - 5*y. List the prime factors of r.
3
Let j(v) be the first derivative of -v**2 - 14*v + 2. Let b(z) = 2*z - 4. Let h be b(-3). List the prime factors of j(h).
2, 3
Let i be (32/(-8))/(1 + 1). Let o(s) = 1 + s**2 + 4*s + 0 - 5*s. What are the prime factors of o(i)?
7
Suppose -2*m - 4 = -0*m. Let i = 9 + m. List the prime factors of i.
7
Let w(m) = 59*m**2 - 5*m - 4. Let h be w(-4). List the prime factors of (-4)/(-18) + h/54.
2, 3
Let i be 82*(-3)/(-6) - -1. Let h = -24 + i. List the prime factors of h.
2, 3
Let h(l) = -6*l. Let w be h(-1). Let v be w/9 - (-42)/(-9). List the prime factors of 1 - 0 - (v + 3).
2
Let l = -20 - -36. Suppose 0 = o - 0*o - l. Suppose -2*v + o - 4 = 0. List the prime factors of v.
2, 3
Suppose 0*a - 5*s - 132 = -2*a, -175 = -3*a - 4*s. What are the prime factors of a?
61
Let u(h) be the first derivative of h**3/3 + 2*h**2 + h + 2. Let k be u(-4). Suppose -f - k = 2*c - 0*c, 26 = 2*f - 3*c. What are the prime factors of f?
7
Suppose 0 = s + 2*s - 12. Suppose 0 = 2*c - 0 - 6, 0 = i + s*c - 24. List the prime factors of i.
2, 3
Suppose -3*h = -i + 18, 2*i - h - 28 = -2*i. Let c = 56 + -59. Let m = i + c. List the prime factors of m.
3
Suppose 5*q - 3*o = 159 + 1267, -5*q + 1424 = -2*o. What are the prime factors of q?
2, 71
Suppose 3 = p - 1. Suppose -p*x + 64 + 72 = 0. What are the prime factors of x?
2, 17
Let k(v) = -v**2 + 85. What are the prime factors of k(0)?
5, 17
Suppose -200 = 3*f - 8*f. What are the prime factors of f?
2, 5
Let r(h) = -h**3 + 5*h**2 - 4*h + 6. Let q be r(4). Let c be 4/q*3*1. Suppose c*k - 2*z - 18 = 0, -k + 4*z + 40 = 4*k. List the prime factors of k.
2
Let u be 9/6*-2*-1. Suppose u*w - 6*b + 3*b = 21, -b = w - 3. Let h(q) = -q**3 + 5*q**2 + 3*q - 3. What are the prime factors of h(w)?
2, 3
Let r(z) = -z + 1. Let h be r(-4). Suppose 3*a + c + 16 = 6*a, 0 = -4*a - h*c + 34. What are the prime factors of a?
2, 3
Suppose r - 28 = 5*t, -2*r - r - 2*t = -118. What are the prime factors of r?
2, 19
Let i = 33 + -20. Suppose 5*z = i + 12. Suppose s - 4*m - 39 = m, -87 = -z*s - 2*m. What are the prime factors of s?
19
Let x be (30/4)/(6/64). Suppose -3*y + x = y + 3*q, -3*y - 4*q + 67 = 0. List the prime factors of y.
17
Let d(j) = -33*j**3 - 2*j - 3. List the prime factors of d(-1).
2
Let l = 14 - -12. Suppose a - w - 14 = 0, 3*a - 2*w - 44 = -w. Let d = l - a. What are the prime factors of d?
11
List the prime factors of (-3)/(2/(-88)*2).
2, 3, 11
Let c = -16 - -9. Let y = c + 12. Suppose 3*k - 10 - 9 = i, -y*i = 2*k - 41. What are the prime factors of k?
2
Let n = -26 + 31. Suppose -5 = -3*b + 16. Suppose 5*r + n*h = 10, 3*h + b = -r - h. What are the prime factors of r?
5
Let o(v) be the first derivative of -v**4/4 - 5*v**3/3 + 3*v**2/2 - 3*v